 - 4*q - 62 = 0. Calculate the greatest common divisor of d and j.
5
Suppose 11 + 5 = -4*b. Let n(r) = r**3 + 5*r**2 + 5*r + 4. Let j be n(b). Suppose j = 4*s - 3*s - 6. What is the greatest common factor of s and 2?
2
Let u = 315 - 297. What is the highest common divisor of 48 and u?
6
Let s be -6*(-5 - 0)*16/5. What is the highest common divisor of s and 72?
24
Let r(n) = -n**3 - 4*n**2 + 23*n + 102. Let c be r(-7). Calculate the highest common factor of c and 902.
22
Let r be 1*(6 - 10)*(-3 + 2). What is the greatest common divisor of r and 196?
4
Let g(h) = h**2 + 15*h - 110. Let x be g(-26). What is the greatest common factor of x and 48?
16
Let k(a) = a**2 + 10*a + 18. Let b be k(-6). Let s be b*13*(-5)/30. Calculate the highest common factor of s and 39.
13
Let b be ((-107016)/(-14))/12 + 8. Calculate the greatest common factor of b and 105.
15
Let j = 299 - 171. Suppose j + 156 = 2*m. Let v = 250 - m. Calculate the highest common factor of 12 and v.
12
Let p be 42680/582*(-18)/(-8)*2. What is the greatest common divisor of p and 90?
30
Let t(d) = d**2 + 7*d - 14. Let q be t(3). Calculate the highest common factor of q and 6.
2
Suppose 45 = 4*y - 3. Suppose -19*f + 8*f = -132. What is the greatest common factor of f and y?
12
Suppose -i - 10 + 15 = 0. Suppose 0 = 5*c - i*r - 705, -3*c + 5*c - 279 = -r. Calculate the highest common divisor of 56 and c.
28
Let t = -748 - -809. What is the greatest common divisor of t and 244?
61
Suppose -92 = -5*f + 3*v + 19, -3*v = -3*f + 69. Suppose 0 = 8*x - 4*x - 4. Let w = x + 2. What is the highest common factor of w and f?
3
Let g = -3 + 5. Suppose -g*u + 5 = -u. Suppose u*v = 33 + 17. What is the greatest common divisor of 50 and v?
10
Let l be (55/10)/(6/(-4))*-288. What is the highest common factor of l and 66?
66
Let t = 822 - 770. What is the highest common divisor of t and 78?
26
Let v(s) = s**2 - 7*s + 7. Let l be v(6). Let c(k) = 6*k**3 + 2*k - 1. Let q be (5/(-15)*-3)/1. Let d be c(q). Calculate the greatest common factor of l and d.
1
Let z(c) = 4 - c**3 - 5 + 5 + c - c**2. Let g be z(-2). Let l = 84 - 42. What is the highest common factor of g and l?
6
Let n = 110 - 20. Let a be ((-2)/6)/((-6)/n). Calculate the greatest common factor of 45 and a.
5
Let g(b) = b**3 - 6*b**2 + 2*b + 3. Let s be g(6). Let v = 27 - s. Let w be v/4 - 5 - -8. What is the greatest common divisor of 12 and w?
6
Let z be 2*((-3)/2 + -2). Let w(j) = -j**3 - 6*j**2 - j + 7. Let g be w(z). Calculate the greatest common divisor of g and 9.
9
Let y = 188 + -77. Let v = y - 51. Calculate the highest common divisor of 150 and v.
30
Suppose -n = -c - 35, -n - 4*n - 4*c = -157. Calculate the greatest common divisor of n and 1221.
33
Suppose 108 = 14*x - 12*x. Suppose 252 = 6*q + x. What is the highest common divisor of 11 and q?
11
Let k = 1706 - 838. What is the greatest common factor of k and 62?
62
Let n = 707 + -635. Suppose 0*m + 3*m - 3*o = 33, -23 = -3*m - 2*o. Calculate the greatest common factor of n and m.
9
Suppose z = -5 + 23. Let o be (-1 - (257 + -6))/(-2). Calculate the greatest common divisor of o and z.
18
Let n(p) = p**3 - 2*p**2 - 3*p + 3. Let d be n(3). Suppose -2*b + 5*k - k + 106 = 0, 2*b - 111 = d*k. What is the highest common factor of 42 and b?
21
Let r(d) = d**2 + 10*d + 9. Let q be r(-8). Let t be 4/14 + (-103)/q. Let i be ((-30)/(-8))/(((-529)/(-92))/23). What is the highest common factor of i and t?
15
Let h be ((1 + 0)*-1*43)/(-1). Calculate the highest common factor of h and 172.
43
Let f(a) = -a - 15*a**2 - 14 + 8*a**2 - a**3 + 6*a**2. Let w be f(0). Let c = 24 + w. What is the greatest common divisor of 50 and c?
10
Let m = 0 + 2. Let h(i) = 5*i**3 + i + 2*i**3 - 2*i**3 - 3*i**3. Let z be h(m). What is the highest common divisor of 45 and z?
9
Let n(g) = g**3 - 3*g**2 + 5*g + 1. Let u be n(4). Calculate the highest common factor of u and 592.
37
Suppose 2*f + 0*d + d = 125, 0 = -7*f - d + 440. What is the highest common factor of f and 168?
21
Let c be 1272/18 + (-2)/3. What is the highest common divisor of c and 30?
10
Let t be 276/368 - (522/(-8) + 1). What is the highest common factor of 15 and t?
5
Let o be 4/8 - 2156/(-8). What is the greatest common divisor of 30 and o?
30
Suppose 0 = 3*v + 5 + 4, -2*a = -5*v - 99. Suppose -p + 13 + 15 = 0. What is the highest common divisor of p and a?
14
Let j(i) be the second derivative of 5*i + 1/10*i**5 + 2/3*i**3 - i**2 + 0 - 1/3*i**4. Let r be j(2). What is the highest common factor of 2 and r?
2
Suppose 52*n - 55*n = 4*u - 317, -2*u - 3*n = -163. Let a = 7 + 0. What is the greatest common factor of a and u?
7
Let y = -57 + 84. Calculate the highest common factor of y and 63.
9
Suppose 0 = -3*s + x + 47, 17 = s - 2*x + 3. Let f be ((-28)/s)/((-3)/372) - -3. Calculate the highest common factor of 20 and f.
20
Suppose 0 = 4*d + 2*b - 84, 0*b + 41 = 3*d - 4*b. Let c = 346 - 518. Let h = c - -343. What is the highest common divisor of h and d?
19
Suppose 5*u - 47 = 4*u. Let v be (3 + u)*2/4. Suppose 775 + 25 = 4*n. Calculate the highest common divisor of n and v.
25
Let n = 69 - 11. Let t be (-30)/(-40) - n/(-8). What is the greatest common divisor of t and 64?
8
Let c = -19 + 1. Let h be 0/c + 5 + 0. Suppose o - 5*u + 0*u - 67 = 0, -5*o - h*u + 365 = 0. Calculate the greatest common factor of o and 8.
8
Let r be (-41)/(-1) - (-4 + 7). Calculate the highest common factor of 12 and r.
2
Suppose -35 = -o - 6*o. Suppose 0 = -o*z - z + 594. Calculate the highest common factor of 33 and z.
33
Let r = -128 + 79. Let z be (-10)/4*(r - -3). Let u = 26 + -3. Calculate the highest common divisor of z and u.
23
Suppose -q + 5*q = 928. Suppose 5*k - a - 219 = q, 0 = -5*k + 3*a + 453. Let y be k/21 - 6/21. What is the greatest common factor of 2 and y?
2
Let n = -52 + 20. Let b = 73 + n. Suppose 3*c + 5 - b = 0. Calculate the highest common factor of 18 and c.
6
Let p = 5166 - 5122. Let l(c) = -2*c**3 - 8*c**2 + 6*c + 2. Let q be l(-6). What is the highest common factor of q and p?
22
Suppose -14*d + 15*d - 6 = 0. Suppose -32 = -d*y + 76. Calculate the greatest common divisor of y and 45.
9
Let b(y) = -y**3 + 7*y**2 - 4*y. Let p be b(6). Let g(c) = -12*c + 132. Let r be g(6). What is the highest common factor of p and r?
12
Let i(l) = -l**2 + 5*l - 3. Let h be i(6). Let x be (-2391)/h + 2/(-3) - 1. Calculate the highest common divisor of 24 and x.
24
Let w be ((-4)/(-8))/(1/214). Let h = w - 55. What is the greatest common divisor of h and 130?
26
Suppose -15*i - 7803 + 26433 = 0. Calculate the highest common divisor of 54 and i.
54
Let n be (-2*(-2)/(-10))/(3/45). Suppose 5*b = 3*k + 14, 0 = 4*b + k - 3*k - 10. Let c be n*b*68/(-6). Calculate the highest common divisor of c and 17.
17
Let z(a) = 4*a**3 + 5*a**2 - 4*a + 3. Let w be z(3). Suppose -5*j - 9*i = -12*i - 51, -2*i = 5*j - 66. What is the greatest common divisor of w and j?
12
Let m = -24 + 42. Calculate the greatest common factor of m and 2.
2
Suppose -12 = -3*p, -5*r + 680 = 5*p - 10*p. What is the highest common factor of r and 252?
28
Suppose -d = r - 6*d + 7, r + 2*d = 21. Let m be 3/9*(-4 + r). Calculate the highest common factor of 33 and m.
3
Let k = -66 - -68. Suppose -2*g + k = -f, 4 = 2*f - g + 2. What is the highest common factor of 8 and f?
2
Let f(z) = 2 + z - 3*z + 0. Let m be f(-3). Let h be (15 + 9)*2*(-6)/(-4). What is the greatest common factor of m and h?
8
Let t(s) = -s**3 + 14*s**2 - 10*s - 21. Let l(g) = -g**2 - 12*g + 13. Let p be l(-12). Let d be t(p). What is the highest common factor of 6 and d?
6
Let x = 33 - 20. Let y = 85 - x. Calculate the highest common factor of 54 and y.
18
Suppose 3*n - 4 - 44 = 0. Let v = n - -4. Let o = 10 + -6. What is the greatest common divisor of o and v?
4
Let y be 30/(-18)*6/(-5). Suppose 0 = -y*n - 0 - 10, -3*w + n = -206. Suppose 0 = -3*v, -w = -j - 2*v + 10. Calculate the greatest common divisor of 7 and j.
7
Suppose -4*i + 59 = -0*i + 5*x, 4*x + 125 = 5*i. Let m be (-252)/i*(-1 - 3). Calculate the highest common divisor of m and 336.
48
Suppose 2*q = -0*q - 12. Let y = -3 + q. Let v = y - -21. What is the greatest common divisor of v and 132?
12
Let r = -1109 - -2010. What is the highest common factor of 17 and r?
17
Let m(j) = -9*j